d w?
4
Let x = 15 + 6. Let i(n) = 98*n - 7. Let f be i(2). What is the greatest common factor of f and x?
21
Suppose 2976 = -282*q + 294*q. Suppose -3*v + 4*d = -97, 3*v - 3*d - 158 = -2*v. What is the highest common factor of v and q?
31
Suppose -3*z + 7*z - 20 = 0. Let y be (z - 2)*(-20)/6. Let u be (-10)/6*30/y. Calculate the highest common divisor of u and 2.
1
Let p(h) = 2*h**2 - 14*h + 6. Let n be p(6). Let v be n/(-18) + (-79)/3. Let s be 1*-4*v - -1. Calculate the highest common factor of 42 and s.
21
Suppose 4*q - 6 = 1002. What is the highest common divisor of 28 and q?
28
Suppose 5*a + 4*n - 556 = 0, -4*n - 335 = -3*a - 5*n. Suppose -3*y = -2*j - 99, 2*y - 4*j + a = 6*y. Calculate the highest common factor of 155 and y.
31
Let q = 712 - 512. Calculate the highest common divisor of q and 120.
40
Let c(y) = -y + 91. Let m be c(19). Let z = 108 + -54. Calculate the greatest common factor of z and m.
18
Let c = -40 - -43. Suppose 0 = c*g - 3, -3*g = a + 2*g - 28. What is the highest common factor of a and 207?
23
Let d(u) = -2*u**2 - u + 7. Let o be d(-5). Let n = 95 + o. Let c be (-169)/(-9) + 2/9. What is the highest common factor of c and n?
19
Let o(z) = -2*z**3 + 2*z**2 - 1. Suppose -n - 3*b - 16 = 0, 4*n + 2*b = 4*b + 6. Let i be o(n). Calculate the greatest common divisor of i and 3.
3
Let c be (1/(-3))/(35/(-33075)). Calculate the highest common factor of c and 70.
35
Suppose -17 = h + 3*w - 0, -5*w = -2*h - 1. Let g be (h - -2)/(1/(-4)). What is the greatest common factor of g and 12?
12
Let g be (4 - -173 - 3 - 4) + -1. What is the greatest common divisor of g and 26?
13
Suppose -36*p = -22*p - 4746. Calculate the greatest common divisor of 1130 and p.
113
Suppose -8 - 2 = -5*p. Suppose 40 = 7*t - p*t. What is the highest common divisor of t and 20?
4
Let z = 18 + 42. Let a = 7 - -5. What is the greatest common divisor of a and z?
12
Let v(f) = f**2 - 7*f + 2. Let x be v(8). Suppose -54 = x*n - 13*n. Suppose -4*p + 214 = n. Calculate the greatest common factor of 7 and p.
7
Let i = 286 - -173. Calculate the highest common factor of i and 204.
51
Suppose 2345*q - 2353*q + 2640 = 0. Calculate the highest common factor of q and 90.
30
Suppose 0 = 4*s + 2*m - 30, s + 3*m = 7*m + 12. Let c be (4 + -4)*(1 + 0). Suppose c*z = -4*z + s. What is the highest common factor of z and 4?
2
Let y be -4*(-10)/4 - (28 + -30). Suppose -65 - 33 = -3*r + 2*i, -3*i = y. What is the greatest common divisor of r and 60?
30
Let l be (12/(-14))/(2/(-84)*2). What is the highest common divisor of l and 261?
9
Suppose -2*a + 58 = -2*i, -3*a + 4*i + 86 = -0*a. Let n be 174/10 - (-18)/a. Calculate the highest common factor of 144 and n.
18
Let s = 416 + -255. Calculate the greatest common divisor of s and 21.
7
Let a = -56 - -52. Let i be -3 - a - (-139 - 0). Let j be 2/6 + 118/6. Calculate the greatest common divisor of j and i.
20
Suppose 0 = -u - 4*l - 8, -4*u = -2*u + 2*l - 8. Let r(z) = -3*z - 14. Let t be r(-5). Let f = t - -31. Calculate the highest common divisor of f and u.
8
Let p be ((-3)/(-4))/((-2)/(-72)). Suppose -25*g + 78 = g. What is the greatest common divisor of g and p?
3
Let g(s) = -s. Let w(m) = 7*m + 2. Let u(y) = 5*g(y) + w(y). Let b be u(9). Let j = 71 - 21. What is the highest common factor of j and b?
10
Let l(r) = 4*r - 8. Let s be l(3). Suppose -s*o = x + 9, 2*o + 5 = -3. What is the greatest common divisor of 1 and x?
1
Let z(k) = -22 - 16*k - k**2 + 13*k + 15*k + 5*k. Let g be z(14). Let s be 160/(-6)*(-27)/4. What is the highest common factor of s and g?
20
Let v(k) = -67*k - 2. Let x be v(-2). Calculate the greatest common factor of x and 33.
33
Suppose -4604 = 5*p - 5*k - 15484, p + 4*k - 2151 = 0. What is the greatest common divisor of p and 13?
13
Suppose -4*u = 3*y - 7, 3*y + y = 3*u + 26. Suppose y*q = 3*v - 56, -q - 8 = q. What is the greatest common factor of v and 12?
12
Let z be ((-3)/2)/((-12)/80). Let x be (z + 4 + -6*1)*15. What is the highest common divisor of 40 and x?
40
Let f = -408 + 464. Calculate the highest common divisor of 112 and f.
56
Suppose 0 = 4*t - 9*t - 5. Let y be 14/7 + -2 + t. Let n be 1 + y*(-3)/3. Calculate the highest common factor of n and 5.
1
Suppose 2*d - 2*q = -43 + 11, 0 = 2*q - 10. Let u = d + 9. Let j be (u + -18)*(-1)/4. What is the highest common divisor of j and 45?
5
Let b(h) = -h**3 + 13*h**2 + 16*h - 11. Let d be b(14). Calculate the highest common factor of 51 and d.
17
Let g(q) = -2*q**3 + 4*q**2 + 16*q + 2. Let k be g(-5). What is the highest common divisor of 96 and k?
16
Let m be 1 - 2 - (6 - (-2763)/(-9)). Calculate the greatest common factor of 180 and m.
60
Let q(v) = -28*v + 9. Let m be q(6). Let x = m - -267. Calculate the greatest common divisor of x and 24.
12
Suppose 0 = 3*z - 5 + 2. Suppose -5*i + 45 = 5*o, i + 3*o + z = -0*o. Calculate the greatest common divisor of 21 and i.
7
Suppose -y = y + 4. Let m = 22 + y. Let w = -864 + 1004. Calculate the highest common factor of w and m.
20
Suppose n = 11*n - 1400. Let c(w) = w**2 - 2*w + 6. Let t be c(4). Calculate the highest common factor of t and n.
14
Suppose 4*i = b + 504, b + 630 = 5*i + 2*b. What is the highest common divisor of i and 14?
14
Suppose 5*z + i = 221, 47 = 2*z - z + 3*i. What is the greatest common factor of 462 and z?
22
Suppose 2*u - 48 = -58, 5*d - 10 = -5*u. What is the greatest common divisor of d and 203?
7
Let l(c) be the first derivative of 11/3*c**3 - c + 1 + c**2. Let m be l(1). What is the greatest common divisor of 60 and m?
12
Let b be (-2)/(-7) + 19764/63. Suppose -12*f = -b + 98. Calculate the highest common factor of f and 2.
2
Let k = -124 + 223. Let n be ((-18)/10)/((-203)/(-35) + -6). What is the highest common divisor of n and k?
9
Let n = -15 - -14. Let z be n - 3*(-5)/15. Suppose -4*q + 11*q - 945 = z. What is the greatest common divisor of 27 and q?
27
Let j be (-4 + 40/12)/(4/6). Let u(d) = -25*d**3 - d**2 + 3*d + 3. Let g be u(j). Calculate the greatest common factor of 216 and g.
24
Let v = 68 - 53. Let k = 30 + -15. Calculate the greatest common factor of k and v.
15
Let g(r) = -9*r + 30. Let t(u) = -2*u - 1. Let j(l) = g(l) - 5*t(l). Let b be j(-25). What is the greatest common factor of 4 and b?
2
Let m be (-133)/(-21) + 1/(-3). Let y = 9 - m. Suppose 14 = -y*f + 4*f - j, 2*j - 4 = 0. Calculate the highest common divisor of 96 and f.
16
Let v = 64 - -1. Suppose 0 = -f + 4*x - 18, -5*f = -4*f + 5*x - 27. Suppose 4*o - 78 = -f*o. What is the highest common factor of v and o?
13
Suppose -5526 = -51*m + 2226. Calculate the greatest common divisor of 988 and m.
76
Suppose -5 = -5*r + 555. Calculate the greatest common factor of r and 140.
28
Let y be (-1 + 4)*(-20)/(-6). Let l be (4 + 2/(-4))/((-1)/54). Let k = -79 - l. What is the greatest common divisor of y and k?
10
Let n(z) = z**2 - 7*z + 9. Let g be n(7). Let j be 153/54 - 1/(-6). Suppose -27 = -j*y - 0*y. What is the highest common factor of y and g?
9
Suppose 13 = 3*f - d - 0*d, 2*f - 4*d = 12. Let p be (2/(-3))/(4/(-96)). Calculate the highest common divisor of p and f.
4
Suppose -p + 6*p = 220. Let f(r) = r**3 - 8*r**2 + 11*r - 5. Let n be f(7). Let t = n + -1. Calculate the greatest common factor of p and t.
22
Suppose 2*z = -4*q + 634, -4*z + 229 = -2*q - 1029. What is the highest common divisor of 35 and z?
35
Let u(n) = -4*n + 159. Let f be u(21). What is the highest common divisor of 400 and f?
25
Let s be -1*24*(-1 - 5). Suppose -y + 38 = n - 3, -152 = -4*n + 2*y. Let v = n + -23. Calculate the greatest common divisor of v and s.
16
Let c be 1*-1 + 88/8. Suppose 770 = 26*w - 19*w. Calculate the greatest common divisor of c and w.
10
Let o(z) = 6*z**3 - 4. Let k = -30 + 32. Let b be o(k). What is the greatest common factor of 110 and b?
22
Let r(x) be the second derivative of x**4/12 + 11*x**3/6 + 5*x**2/2 + 16*x. Let l be r(-15). What is the greatest common factor of 13 and l?
13
Suppose 0 = -14*s + 15*s + 4*p - 96, 2*p = -5*s + 498. Calculate the greatest common divisor of s and 4.
4
Let k(r) = 121*r + 3 - 2 + 2 + 29*r. Let n be k(1). Calculate the highest common divisor of n and 17.
17
Suppose 5 = -5*o, -145 = -5*b - 4*o + 106. Suppose -2*q = -3*q. Suppose q = 2*s - 5*x - 59, -x - 80 = -5*s - 2*x. Wha